3). Let t(u) = 2*u - 5 + 0 - 1. What is t(b)?
2
Let z(t) = 4 - 2*t + 1 + 0. Determine z(-5).
15
Let f = -9 + 13. Let o(n) = -n**3 + 3*n**2 + 4*n + 2. Let t be o(f). Let q(h) = -h**3 + 4*h**2 - 2*h - 1. Determine q(t).
3
Let g(x) = x - 1. Let r(h) be the second derivative of -h**5/20 + 2*h**4/3 + h**3/3 - 11*h**2/2 - 2*h. Let k be r(8). Give g(k).
4
Let j(o) be the third derivative of o**6/120 - o**5/20 - o**4/24 - 5*o**3/6 + 16*o**2. Suppose -2*i - i = -12. What is j(i)?
7
Suppose -5*p = 1 + 4, 8 = v - 5*p. Suppose 5*x + 4*z + 38 = 0, -v*z + 14 = -4*x + 2*z. Let w(g) = 14*g - 13*g + 2 + 2. Give w(x).
-2
Let v(r) be the third derivative of r**6/120 + r**5/12 - 7*r**4/24 - r**3/6 + 9*r**2. Calculate v(-6).
5
Let c(s) = -s + 1. Let o(n) be the second derivative of n**4/3 - 5*n**3/6 + n**2 - 3*n. Let d(p) = 3*c(p) - o(p). Determine d(2).
-11
Let i(o) = -4*o. Let m = 81 - 79. Determine i(m).
-8
Let j(d) = 9*d + 1. Suppose 0 = 8*t - 4*t - 4. What is j(t)?
10
Let d(w) = -2*w + 6. Let t = -10 - -22. Let n = t - 7. Suppose i + 0*i = n. What is d(i)?
-4
Let g = -29 - -24. Let n(x) = -1. Let q(t) = t**2 + 6*t + 13. Let v(w) = 6*n(w) + q(w). Determine v(g).
2
Suppose 2*o - 4*o - 3*q = -9, 3*q - 21 = 2*o. Let r(a) = -a**2 - 4*a - 3. Calculate r(o).
0
Let u(h) = -6*h - 2 + h + 2*h + 2*h. Give u(5).
-7
Let r(g) = -g**2 + 3*g - 3. Let s(b) = 12*b - 3*b**2 - 2*b + 1 - 12 + 2. Let c(o) = 11*r(o) - 4*s(o). Calculate c(5).
-7
Let c(p) = 2*p + 5. Let n be c(0). Let s(w) = 5 + n - 4 - 4 - 2*w. What is s(6)?
-10
Let t(a) = a + 7 - 18 + 5. Determine t(7).
1
Let k(c) = -c**3 - 4*c**2 - 2*c + 3. Suppose 0*i = -5*i - 15. Let s be k(i). Let x(d) = 944 + 4*d - 5*d + d**2 - 937. Calculate x(s).
7
Let c = 1 + -1. Let z(i) = -6*i + 0*i + c*i + 3*i. What is z(-4)?
12
Let z(k) = -2*k + 5. Let x(j) = -j - 3. Let m be x(-3). Suppose m*c - 8 = -2*c. Suppose 2*u = u + c. Give z(u).
-3
Let u(w) = 3*w - 4. Let o = 2 + 1. Suppose o*y - 10 = -1. Give u(y).
5
Suppose -2*c - 32 = -3*c. Let m(r) = c*r - 32*r + r**2. Determine m(-2).
4
Let r be 4/12 + 4/(-3). Let q(o) = -o**2 + o. Let x(a) = -2*a**2 - 6*a. Let t(d) = 5*q(d) + x(d). Calculate t(r).
-6
Let m(h) be the third derivative of 1/3*h**3 + 0 + 4*h**2 - 1/24*h**4 + 0*h. Give m(4).
-2
Suppose 0 = -5*f - 5*x - 15, -f - 4*x - 10 = 4*f. Let i(t) = 5*t**f - 1 + 2 - 2. Give i(1).
4
Let h(c) = 5*c + 6. Let a(u) = 4*u + 5. Let y(i) = 6*a(i) - 5*h(i). What is y(2)?
-2
Let k(b) = 9*b. Let h(n) = -4*n. Let j(y) = -11*h(y) - 6*k(y). Let u(g) = -g**3 - 1. Let s be u(0). What is j(s)?
10
Let i(r) be the second derivative of -r**3/2 + r**2 + 24*r. Give i(-3).
11
Let o(r) = r + 8. Suppose -27 = 2*n - v, 0*v - 42 = 3*n - 3*v. Determine o(n).
-5
Let c(t) = -t**3. Let r be 0*10/(-4)*(-9)/90. Determine c(r).
0
Let v(b) = -b**2 - 9*b + 5. Let n be v(-9). Let c be 27/n + (-6)/15. Let z(o) = -o**2 + 6*o - 2. Determine z(c).
3
Let v(z) be the second derivative of z**6/360 + z**5/30 - z**4/4 + 5*z**3/6 - 5*z. Let j(o) be the second derivative of v(o). Calculate j(-5).
-1
Let h(q) = 1 - 160*q**3 + 0 + 3 - 4*q + 159*q**3 + 6*q**2. What is h(5)?
9
Let i(z) = z**3 - 8*z**2 + 4*z + 9. Let v be i(7). Let h(l) = l + 15. Determine h(v).
3
Let l = 0 - -5. Let w(f) be the first derivative of -f**3/3 + 3*f**2/2 + 7*f + 4. Give w(l).
-3
Let d(j) = j + 10. Let w(h) = -h - 11. Let o(t) = 4*d(t) + 5*w(t). Determine o(-7).
-8
Let y be (-84)/(-30) + 2/10. Suppose -5*x - 4*f = 29, y*x + 10 = x - 2*f. Let b = 8 + x. Let q(c) = 14*c**2 + c. What is q(b)?
13
Let a(d) = d - 2. Let z(q) = -q + 1. Let l be (-2)/3*(-27)/(-6). Let b(o) = l*a(o) - 5*z(o). Calculate b(-3).
-5
Let k be 0 + 2*(-2 - 1). Let v(u) = -u**3 - 5*u**2 + 6*u + 1. Calculate v(k).
1
Let l = 11 + -12. Let p(x) = -1 - 2*x + 3*x**2 + 0*x**2 + 2*x**2. Give p(l).
6
Let x(b) = -b + 1. Suppose -3*g - 2*c = 3*c + 16, g = -c - 4. Let h be x(g). Let w(q) = q + 55 - 4*q + 2*q**2 - 53 - 2*q. What is w(h)?
5
Let r(w) = 256*w - 81*w - 82*w - 1 - 89*w + w**2. Let s = -6 - -3. What is r(s)?
-4
Let f(z) = 2*z**2 - 3*z - 3. Let n be f(3). Let a(o) = -o**3 + 7*o**2 - 6*o + 2. Determine a(n).
2
Let d(l) = -5*l + 11*l + 7 - 10. Calculate d(2).
9
Let x be -3*(-4)/((-12)/(-3)). Let y(w) = -3*w + 7. Calculate y(x).
-2
Let c be 82/1*(-1)/(-2). Suppose -5*v + c = 16. Let k(f) = -2*f + 6. What is k(v)?
-4
Let r(t) = -4*t - 1. Let q be (-2 - 4/(-12))*3. Let p(c) be the second derivative of -c**3/2 + c. Let n(f) = q*p(f) + 4*r(f). Give n(-3).
-1
Let j(t) = -t - 1. Let n be j(-5). Let k(i) = -i. Let x(y) = -4*y. Let u(o) = -24*k(o) + 5*x(o). Let h(q) = 5*q. Let f(b) = -3*h(b) + 4*u(b). Calculate f(n).
4
Suppose 0 = -5*g - 2*t - 10, -15 = -0*t - 3*t. Let d(c) be the first derivative of c**2/2 + 5*c - 3. Give d(g).
1
Suppose 0 = 2*x + 1 - 7. Let v(f) = -f**2 - 12*f + 15. Let i be v(-13). Let s(z) = 0*z**2 + 3 - 23*z + 22*z + z**i - 6. Calculate s(x).
3
Let u(l) = l**3 - 5*l**2 - 2*l + 3. Let p(r) = -r + 3. Let v be p(-7). Suppose -4*t = -5*g + 11 + 10, g + 3 = -t. Let j be v/t*4/(-2). Calculate u(j).
-7
Let i(y) = -y**2 - 6*y - 3. Suppose d + 0 - 4 = 0. Suppose 4*l + 1 + 11 = -r, -d*r - 3*l + 17 = 0. Suppose 4*o + 12 = -r. Calculate i(o).
2
Let x(g) = -7*g**2 - 2*g + 1. Let m(r) = -8*r**2 - 2*r + 1. Let n(a) = 4*m(a) - 5*x(a). Let j(p) = -p**2 + 10*p + 1. Let k be j(10). Determine n(k).
4
Let a(l) = 11*l**3 + 5*l**2 + l + 9. Let k(o) = -5*o**3 - 3*o**2 - o - 4. Let s(m) = 4*a(m) + 9*k(m). Determine s(-6).
-6
Suppose -2*i + 10 = 3*i. Let b(x) be the third derivative of -1/60*x**5 + 2*x**i + 0*x**4 + 0*x + 0 + 1/6*x**3. Determine b(-2).
-3
Let z(v) be the first derivative of -v**3/3 - 2*v**2 + 2*v - 2. Let l be (2/(4/6))/1. Let a = -1 - l. What is z(a)?
2
Let i(m) be the first derivative of 2*m**3/3 - 2*m**2 - 2*m - 5. Let t(y) be the first derivative of i(y). Let l(s) = 2*s + 1. Let o be l(1). Give t(o).
8
Let t(v) = v**2 + 7. Let i(x) = -3*x**2 - x - 21. Let q = -2 + 8. Let o(c) = q*i(c) + 17*t(c). What is o(-5)?
-2
Let s(a) be the second derivative of a**3/6 - 2*a**2 - 2*a. Suppose 0 = 3*k - 5*q + 19, -k - 5*q + 29 = 2. Let f be (3/2 - k)*-10. Give s(f).
1
Let k(c) = 13*c**3 - 11*c**2 - 8*c + 25. Let w(t) = -3*t**3 + 3*t**2 + 2*t - 6. Let x(b) = -2*k(b) - 9*w(b). What is x(4)?
-20
Let m = 15 + -10. Let x(g) = g - 1. Let s be x(m). Let n(p) = 17*p**2 - 27*p + 10. Let t(f) = 8*f**2 - 13*f + 5. Let q(b) = 6*n(b) - 13*t(b). Determine q(s).
-9
Let a(p) be the second derivative of -p**5/20 + p**4/12 - 5*p**2/2 + p. Let g = -14 + 14. Let s be g/(16/4 - 3). Calculate a(s).
-5
Let w(j) = 4*j**3 - 3*j - 3. Let a(i) = i + 1. Let t be a(-3). Let u(y) = 19*y**3 - 16*y - 16. Let c(k) = t*u(k) + 11*w(k). Give c(-1).
-6
Let g(y) = 2*y - 10. Let z be g(7). Let l(j) = 5*j - 5*j**2 + 2 + j**3 - 1 - 4. Give l(z).
1
Let g = 9 + -8. Suppose -5*f + 0*n = -2*n - 3, -4*f = -3*n - g. Let b(p) = -p - f - 1 + 0*p. Determine b(0).
-2
Let a be ((-24)/15 - 0) + (-10)/25. Let i(j) = j**3 - j**2 - j - 1. Determine i(a).
-11
Let z = -6 + 10. Suppose 2*u + z = 3*q, -5*q + 4 = -4*u - 2. Let n(g) = 2*g + q*g + 0*g + 6 - 3*g. Calculate n(0).
6
Let z(h) = -h + 1. Let k(q) = q - 3. Let p be -3*((-10)/6 + 2). Let n(d) = p*k(d) - 2*z(d). Give n(-5).
-4
Let l(b) = -3*b**2 + 3*b - 2. Suppose -5*d = -16 + 6. Calculate l(d).
-8
Let o(i) = 2*i - 14. Let z(j) = 3*j - 21. Let a(y) = -7*o(y) + 5*z(y). Let x(d) = -d**2 - 9*d - 11. Let g be x(-8). Let r = -3 - g. Give a(r).
-7
Let k(i) = -i**3 + 5*i**2 - 6*i + 4. Let v be k(4). Let c = v - -9. Let u(a) = -a**3 + 6*a**2 - 5*a + 2. What is u(c)?
2
Let l(r) = -7*r**2 - 5*r + 1. Let x(g) = 6*g**2 + 4*g - 1. Let a(o) = -4*l(o) - 5*x(o). Calculate a(-2).
-7
Let a(p) = 0*p + p - 1 + 2. Let i = 16 - 6. Suppose 2*f = -2*q + 2 + 6, f = -3*q + i. Calculate a(q).
4
Let k = -75 + 73. Let u(s) = 2*s + 2. Calculate u(k).
-2
Let d(v) be the second derivative of -7*v**4/24 - v**3/6 + v**2/2 + v. Let k(g) be the first derivative of d(g). What is k(1)?
-8
Let y(b) = b + 3. Let z(n) = 4*n + 14. Let t(r) = -11*y(r) + 2*z(r). What is t(-6)?
13
Suppose -c + 5*c = -4. Let d be (-2)/7 - 32/(-14). Let p(j) = -j + j - j**d. Calculate p(c).
-1
Let m(a) = a - 1. Let g(h) = 1. Let u(j) = 6*j - 12. Let f(q) = 12*g(q) + u(q). Let w(p) = f(p) - 5*m(p). Calculate w(0).
5
L